e the prime factors of r?
2, 5, 113
Let t(z) = 183*z**2 - 137*z + 22. What are the prime factors of t(-8)?
2, 5, 1283
What are the prime factors of (-73)/(5110/20)*(-1 - -2 - 2759)?
2, 197
Let y = -99343 + 164167. What are the prime factors of y?
2, 3, 37, 73
Let i(v) be the second derivative of -5*v + 29/2*v**2 + 8/3*v**3 - 1/12*v**4 + 0. List the prime factors of i(13).
2, 17
Suppose -3*w + 2*p = 186, -2*p - 305 + 43 = 4*w. Let h = w - -314. List the prime factors of h.
2, 5
Suppose 0 = 5*l - 6*i - 107165, -5*l + 55935 = 4*i - 51180. List the prime factors of l.
7, 3061
Let g(v) = v**3 + 5*v**2 - 6*v - 8. Let r be g(-3). Suppose 2*y + 20 = -r. Let z(a) = -10*a - 53. What are the prime factors of z(y)?
11, 17
Suppose 73*z = 52*z + 1071. Let p be (-1)/(63/(-62) + 1). Let y = p - z. What are the prime factors of y?
11
Let l = 2232 + -1530. List the prime factors of l.
2, 3, 13
Let u = -146 + 146. Let j = -5 + 8. Suppose u*t - 123 = -j*t. What are the prime factors of t?
41
Let x = 32312 - 16443. What are the prime factors of x?
7, 2267
Suppose -b - 41741 = -3*h, 15*b + 55652 = 4*h + 13*b. List the prime factors of h.
5, 11, 23
Let i(v) = 2*v**3 + 71*v**2 - 39*v + 28. Let o be i(-32). Suppose -11*w - o = -23107. What are the prime factors of w?
31, 43
Let y(i) = 77*i**2 - 4*i + 2. Let x be y(1). Suppose -66*b - 1665 = -x*b. What are the prime factors of b?
5, 37
Let z(o) be the third derivative of -o**6/120 - o**5/15 + o**4/8 + 4*o**3/3 - 3*o**2. Suppose 4*u - 15 = h, -4*u + 6 = 3*h + 19. List the prime factors of z(h).
2, 67
Suppose -4*n = -0*n - 2*g - 30, 17 = 2*n + g. Suppose 180 = -4*r + n*r. What are the prime factors of r?
3, 5
Let s = 12171 + -5362. List the prime factors of s.
11, 619
Suppose 50*y - 589514 = -41514. What are the prime factors of y?
2, 5, 137
Let d(g) = -288*g - 1090. List the prime factors of d(-61).
2, 7, 11, 107
What are the prime factors of (10 - 968/99 - 24310/(-36))*8?
2, 7, 193
Let f(y) = y**3 - 1. Let z be f(3). Suppose -24*h = -z*h + 76. Suppose -3*t + h + 25 = 0. List the prime factors of t.
3, 7
Suppose -10*b - 4*w = -7*b - 4192, 5*w = -5*b + 6985. What are the prime factors of b?
2, 349
Suppose 5*z = -5*s + 50, -5*z + 24 = -5*s - 6. Suppose 4*b = 8*b - z, -x + 5*b = -69. What are the prime factors of x?
79
Suppose 0 = -3*u - 4*p + 44, -11*u + p = -16*u + 79. Suppose -7*o + 15732 = u*o. List the prime factors of o.
2, 3, 19
Let b = 358 - 197. Let t = 272 - b. What are the prime factors of t?
3, 37
Let c = -173 - -173. Suppose c = -5*h - 3*n + 722, -2*h + 158 = -h + 4*n. What are the prime factors of h?
2, 71
Let v(q) = -q**3 + 6*q**2 - 22. Let t be v(7). Let m = 67 + t. What are the prime factors of -1 + (-1 - 1/(m/1100))?
3, 7, 13
Let w be 119/35 + 3/5. Let y be 3 - (-56 + 12/w). Let t = -54 + y. List the prime factors of t.
2
Suppose 5*y - 27 = o - 4, -2*o + 19 = 3*y. What are the prime factors of -7 + y - (-494)/2?
5, 7
Let q(s) = -20*s**3 - 4*s**2 + 22*s - 12. List the prime factors of q(-8).
2, 31, 79
Let k(n) = 36*n**3 + 17*n**2 + 20*n + 184. What are the prime factors of k(11)?
50377
Let t = -257 - -910. Suppose -15*d + 16582 = -t. List the prime factors of d.
3, 383
Let m(r) be the third derivative of 9*r**4/8 + 3*r**3/2 + 20*r**2. Let l(d) = 40*d + 14. Let j(q) = -5*l(q) + 8*m(q). What are the prime factors of j(7)?
2, 3, 19
Suppose 11*m + 31*m - 107982 = 0. What are the prime factors of m?
3, 857
Let r(x) = -47016*x - 2069. What are the prime factors of r(-1)?
7, 6421
Let k(f) be the second derivative of 87*f**3/2 + 19*f**2/2 - 37*f - 2. What are the prime factors of k(1)?
2, 5, 7
Let o(w) = 8*w - 24. Suppose 0 = -45*i + 44*i + 4. Let y(a) = a**3 - 2*a**2 - 3*a - 10. Let s be y(i). What are the prime factors of o(s)?
2, 7
Let v(w) = 22*w**2 + 20*w - 1365. What are the prime factors of v(42)?
3, 7, 1823
Let q(f) = 2*f**2 - 11*f - 19. Let b be q(7). Suppose -c - b*u + 1108 = u, 0 = -4*c + 2*u + 4446. List the prime factors of c.
11, 101
Let l be 10/3*18/15. Suppose 4*d + 3*g = -21, 27 = -l*d - 0*d + 3*g. What are the prime factors of 19*2*(231/d)/(-11)?
7, 19
Let a(p) = 21*p - 6 + 8 - 11*p + 4*p**2 - p. What are the prime factors of a(-6)?
2, 23
Suppose -2*o + 229 = -5*w, 3*o + 208 = -4*w + 586. Let a = 367 - o. List the prime factors of a.
5, 7
Let d be 8282/12 + 15/18. Suppose -3*f = -d - 1901. What are the prime factors of f?
2, 3
Let b = 103 - 111. Let h be (b/(-32))/(0 + (-1)/(-20)). Suppose 120 = -h*u + 1435. What are the prime factors of u?
263
Let w = 0 + -450. Let l = -268 - w. List the prime factors of l.
2, 7, 13
Let x be (-1 - 3) + 4 + -4. What are the prime factors of (-2289)/x + 8/(-32)?
2, 11, 13
Suppose 198*d = 247423 + 34529. List the prime factors of d.
2, 89
Let g(w) = 553*w**2 - 68*w + 474. List the prime factors of g(7).
5, 5419
Let d(o) = -o**3 - 17*o**2 - 2*o - 46. Let w be d(-17). List the prime factors of 22520/(-16)*w/15.
2, 563
Suppose 4*l + 18 = 2*s, -4*s = -5*l - 17 - 13. Suppose -s*c = -2*c. List the prime factors of c - -32 - (-3)/1.
5, 7
Suppose -3*h = 4*a - 3063 - 13997, 0 = -4*a + 8. Suppose 0*q = -2*q - h. What are the prime factors of q/(-22) + (-10)/55?
3, 43
Let h(r) = 7*r - 17. Let v be h(3). Let p be 373 + -3*(-4)/v. Suppose 3*u - p - 419 = 0. What are the prime factors of u?
5, 53
Suppose h - 10641 = c + 7789, -h - 4*c + 18430 = 0. List the prime factors of h.
2, 5, 19, 97
Let p(u) = u**2 + 26*u + 32. Let i be p(-21). Let g = i + 72. What are the prime factors of -5 - (-18 + g - 3)?
17
Let j be 2/(-3)*3*-1. Suppose -8 = j*b - 4*b. What are the prime factors of 2037/28 - (-1)/b?
73
Let j = -3970 - -8725. What are the prime factors of j?
3, 5, 317
Let w be (245/(-7))/(2/(-56)). Let i = 1432 - w. What are the prime factors of i?
2, 113
Let m = -15951 - -18456. What are the prime factors of m?
3, 5, 167
Suppose 2*h - 190 = 5*g - 2*h, -3*h = 3*g + 114. Let l = g + 40. Suppose 3*v - 155 = -l*i, v = 4*i - v - 270. List the prime factors of i.
2, 5, 7
Let a(j) = -6 - 63*j + 68*j + 1 + 14*j**2. What are the prime factors of a(2)?
61
Let g be (-3 - -2)*-61*(3 + 5). Suppose 89 = -5*u + q + g, 3*q - 383 = -5*u. List the prime factors of u.
79
Let b(l) = -3*l**3 + 8*l**2 + 2*l + 20. Let d be b(9). Let g = -890 - d. List the prime factors of g.
13, 47
Let k = 23390 + -12174. What are the prime factors of k?
2, 701
Suppose -146*y + 127716 + 46024 = 0. List the prime factors of y.
2, 5, 7, 17
What are the prime factors of 4 - 4 - (-7588)/28?
271
Suppose c - 769 = 117. Suppose -v - c = -4*g, -g - 2*v = -165 - 61. List the prime factors of g.
2, 3, 37
Suppose -26 = 17*s + 110. List the prime factors of 5/(s + 3) + -4 + 973.
2, 11
Suppose 17*o - 171304 = 60746. What are the prime factors of o?
2, 3, 5, 7, 13
Let s(v) = -v**3 - v**2 - v + 1. Let r(m) = -m**3 + 2*m**2 + 3*m + 10. Let u(z) = r(z) - 2*s(z). What are the prime factors of u(-3)?
2
Suppose 0 = -5*q + 4*c - 28, 2*q = -q + 2*c - 18. Let p = q + 26. What are the prime factors of (1*(-282)/p)/((-2)/6)?
47
Let d(w) = -330*w - 314. List the prime factors of d(-50).
2, 8093
Suppose 8*f + 6*a - 4*a - 3030 = 0, -5*f = -a - 1896. What are the prime factors of f?
379
Let o(h) = 5*h - 11. Let j be o(4). Suppose 4*r - l - 3615 = 0, 17*l = 14*l - j. List the prime factors of r.
3, 7, 43
Let b(p) = 2*p + 1. Let k be b(2). Let m(d) = 15*d + 7*d**2 + k*d - d**3 + 9 - 27*d. What are the prime factors of m(6)?
3
Suppose 4*c = -4*k + 2*k + 12516, 2*c = -3*k + 18786. List the prime factors of k.
2, 3, 29
Let c(t) = 5605*t**2 - 437*t - 1329. What are the prime factors of c(-3)?
3, 13, 431
Suppose -20 = -10*w + 5*w, -i - 3*w = 4585. What are the prime factors of (-2 - i)*(6 - (-58)/(-10))?
919
Suppose -7*s = -3*s - 4. Let y be ((-12)/9)/(s + 5/(-3)). Suppose -3*w = y*w - 270. List the prime factors of w.
2, 3
Let x = 66 + -64. Suppose c = -x + 1, -207 = -3*j + 3*c. Suppose 17*s + j = 459. List the prime factors of s.
23
Suppose 5*j + 2*u + 4 = j, j - 2*u - 4 = 0. Suppose j = 4*o + 4. List the prime factors of (-3)/(o + 4) - -84.
83
Let r(c) = 11*c + 69. Let h be r(0). Let u = h + 43. List the prime factors of u.
2, 7
Suppose -5*b + 11965 = -2*m, 2*b + 85*m - 4800 = 83*m. What are the prime factors of b?
5, 479
Let d(o) = -7*o**2 + 6*o + o*